{"id":1599,"date":"2024-12-09T16:29:02","date_gmt":"2024-12-09T15:29:02","guid":{"rendered":"https:\/\/caracascom.com\/?post_type=events&#038;p=1599"},"modified":"2025-03-19T12:37:14","modified_gmt":"2025-03-19T11:37:14","slug":"alors-on-danse-cest-la-fete-animation-de-noel","status":"publish","type":"events","link":"https:\/\/caracascom.com\/fr\/events\/alors-on-danse-cest-la-fete-animation-de-noel\/","title":{"rendered":"Alors on danse ! C\u2019est la f\u00eate ! | Animation de No\u00ebl"},"content":{"rendered":"<p>Les dimanches 22 et 29 d\u00e9cembre, le Mudia invite les enfants \u00e0 un voyage unique m\u00ealant musique, danse et art \u00e0 travers les \u0153uvres embl\u00e9matiques de toutes les \u00e9poques. L&rsquo;animation \u00ab Alors on danse ! C\u2019est la f\u00eate ! \u00bb, sp\u00e9cialement con\u00e7ue pour les enfants de 5 \u00e0 12 ans, promet une exp\u00e9rience festive et immersive, suivie d\u2019un d\u00e9licieux go\u00fbter au Mudia Caf\u00e9.<br \/>\nEt si \u00e0 No\u00ebl les \u0153uvres d\u2019art devenaient une invitation \u00e0 danser, chanter et&#8230; s\u2019a-mus\u00e9e ? Le Mudia propose aux enfants de plonger dans l\u2019univers artistique de la f\u00eate et ainsi d\u00e9couvrir :<br \/>\n&#8211; Les liens entre l\u2019art plastique et la musique des diff\u00e9rents si\u00e8cles ;<br \/>\n&#8211; Les diff\u00e9rents instruments et types de danse figurants dans les tableaux et sculptures de Mudia ;<br \/>\n&#8211; La f\u00eate et les traditions festives dans l\u2019histoire ;<br \/>\n&#8211; Que chaque personne regarde et ressenti l\u2019art autrement ;<br \/>\n&#8211; Les moyens d\u2019exprimer la joie et la cr\u00e9ativit\u00e9.<br \/>\nCette animation ludique met fin \u00e0 la visite passive des mus\u00e9es et invite les enfants \u00e0 interagir avec les \u0153uvres d\u2019une fa\u00e7on cr\u00e9ative via le chant et la danse.<br \/>\nL\u2019art s\u2019anime pour un moment inoubliable en famille, m\u00ealant d\u00e9couverte et divertissement. Parce qu\u2019au Mudia, c\u2019est toujours la f\u00eate, l\u2019art autrement&#8230; et en s\u2019amusant !<br \/>\nDepuis 2022, le Mudia est g\u00e9r\u00e9 par la soci\u00e9t\u00e9 belge Tempora.<br \/>\n<\/p>","protected":false},"template":"","meta":{"_acf_changed":false},"categories":[10,16],"class_list":["post-1599","events","type-events","status-publish","hentry","category-beaux-arts","category-evenement"],"acf":{"image_dapercu":1611,"img_a_la_une":1611,"client":[311],"date_cpi":null,"date_debut":"20241222","date_fin":"20241229","event_localite_liaison":[1193],"active":true,"active_pressroom":false,"active_agenda":true,"dossier_presse_fr":"","dossier_presse_nl":"","dossier_presse_en":"","fichiers_supp":[{"fichier_supp":1681,"nom_fichier_supp":"Communiqu\u00e9 de presse","desc_fichier_supp":""}],"images_gallerie":[1611]},"yoast_head":"<title>- CARACAScom<\/title>\n<meta name=\"robots\" content=\"index, follow, max-snippet:-1, max-image-preview:large, max-video-preview:-1\" \/>\n<link rel=\"canonical\" href=\"https:\/\/caracascom.com\/events\/alors-on-danse-cest-la-fete-animation-de-noel\/\" \/>\n<meta property=\"og:locale\" content=\"fr_FR\" \/>\n<meta property=\"og:type\" content=\"article\" \/>\n<meta property=\"og:title\" content=\"- CARACAScom\" \/>\n<meta property=\"og:url\" content=\"https:\/\/caracascom.com\/events\/alors-on-danse-cest-la-fete-animation-de-noel\/\" \/>\n<meta property=\"og:site_name\" content=\"CARACAScom\" \/>\n<meta property=\"article:modified_time\" content=\"2025-03-19T11:37:14+00:00\" \/>\n<meta property=\"og:image\" content=\"https:\/\/caracascom.com\/wp-content\/uploads\/2024\/08\/CracasPartage.png\" \/>\n\t<meta property=\"og:image:width\" content=\"1200\" \/>\n\t<meta property=\"og:image:height\" content=\"630\" \/>\n\t<meta property=\"og:image:type\" content=\"image\/png\" \/>\n<meta name=\"twitter:card\" content=\"summary_large_image\" \/>\n<meta name=\"twitter:label1\" content=\"Dur\u00e9e de lecture estim\u00e9e\" \/>\n\t<meta name=\"twitter:data1\" content=\"2 minutes\" \/>\n<script type=\"application\/ld+json\" class=\"yoast-schema-graph\">{\"@context\":\"https:\\\/\\\/schema.org\",\"@graph\":[{\"@type\":\"WebPage\",\"@id\":\"https:\\\/\\\/caracascom.com\\\/events\\\/alors-on-danse-cest-la-fete-animation-de-noel\\\/\",\"url\":\"https:\\\/\\\/caracascom.com\\\/events\\\/alors-on-danse-cest-la-fete-animation-de-noel\\\/\",\"name\":\"- CARACAScom\",\"isPartOf\":{\"@id\":\"https:\\\/\\\/caracascom.com\\\/#website\"},\"datePublished\":\"2024-12-09T15:29:02+00:00\",\"dateModified\":\"2025-03-19T11:37:14+00:00\",\"breadcrumb\":{\"@id\":\"https:\\\/\\\/caracascom.com\\\/events\\\/alors-on-danse-cest-la-fete-animation-de-noel\\\/#breadcrumb\"},\"inLanguage\":\"fr-FR\",\"potentialAction\":[{\"@type\":\"ReadAction\",\"target\":[\"https:\\\/\\\/caracascom.com\\\/events\\\/alors-on-danse-cest-la-fete-animation-de-noel\\\/\"]}]},{\"@type\":\"BreadcrumbList\",\"@id\":\"https:\\\/\\\/caracascom.com\\\/events\\\/alors-on-danse-cest-la-fete-animation-de-noel\\\/#breadcrumb\",\"itemListElement\":[{\"@type\":\"ListItem\",\"position\":1,\"name\":\"Accueil\",\"item\":\"https:\\\/\\\/caracascom.com\\\/\"},{\"@type\":\"ListItem\",\"position\":2,\"name\":\"Events\",\"item\":\"https:\\\/\\\/caracascom.com\\\/fr\\\/agenda\\\/\"},{\"@type\":\"ListItem\",\"position\":3,\"name\":\"Alors on danse ! C\u2019est la f\u00eate ! | Animation de No\u00ebl\"}]},{\"@type\":\"WebSite\",\"@id\":\"https:\\\/\\\/caracascom.com\\\/#website\",\"url\":\"https:\\\/\\\/caracascom.com\\\/\",\"name\":\"CARACAScom\",\"description\":\"The Art of Communication\",\"publisher\":{\"@id\":\"https:\\\/\\\/caracascom.com\\\/#organization\"},\"potentialAction\":[{\"@type\":\"SearchAction\",\"target\":{\"@type\":\"EntryPoint\",\"urlTemplate\":\"https:\\\/\\\/caracascom.com\\\/?s={search_term_string}\"},\"query-input\":{\"@type\":\"PropertyValueSpecification\",\"valueRequired\":true,\"valueName\":\"search_term_string\"}}],\"inLanguage\":\"fr-FR\"},{\"@type\":\"Organization\",\"@id\":\"https:\\\/\\\/caracascom.com\\\/#organization\",\"name\":\"CARACAScom\",\"url\":\"https:\\\/\\\/caracascom.com\\\/\",\"logo\":{\"@type\":\"ImageObject\",\"inLanguage\":\"fr-FR\",\"@id\":\"https:\\\/\\\/caracascom.com\\\/#\\\/schema\\\/logo\\\/image\\\/\",\"url\":\"https:\\\/\\\/caracascom.com\\\/wp-content\\\/uploads\\\/2024\\\/08\\\/cropped-Favicon_CaracasCom.jpg\",\"contentUrl\":\"https:\\\/\\\/caracascom.com\\\/wp-content\\\/uploads\\\/2024\\\/08\\\/cropped-Favicon_CaracasCom.jpg\",\"width\":512,\"height\":512,\"caption\":\"CARACAScom\"},\"image\":{\"@id\":\"https:\\\/\\\/caracascom.com\\\/#\\\/schema\\\/logo\\\/image\\\/\"}}]}<\/script>","yoast_head_json":{"title":"- CARACAScom","robots":{"index":"index","follow":"follow","max-snippet":"max-snippet:-1","max-image-preview":"max-image-preview:large","max-video-preview":"max-video-preview:-1"},"canonical":"https:\/\/caracascom.com\/events\/alors-on-danse-cest-la-fete-animation-de-noel\/","og_locale":"fr_FR","og_type":"article","og_title":"- CARACAScom","og_url":"https:\/\/caracascom.com\/events\/alors-on-danse-cest-la-fete-animation-de-noel\/","og_site_name":"CARACAScom","article_modified_time":"2025-03-19T11:37:14+00:00","og_image":[{"width":1200,"height":630,"url":"https:\/\/caracascom.com\/wp-content\/uploads\/2024\/08\/CracasPartage.png","type":"image\/png"}],"twitter_card":"summary_large_image","twitter_misc":{"Dur\u00e9e de lecture estim\u00e9e":"2 minutes"},"schema":{"@context":"https:\/\/schema.org","@graph":[{"@type":"WebPage","@id":"https:\/\/caracascom.com\/events\/alors-on-danse-cest-la-fete-animation-de-noel\/","url":"https:\/\/caracascom.com\/events\/alors-on-danse-cest-la-fete-animation-de-noel\/","name":"- CARACAScom","isPartOf":{"@id":"https:\/\/caracascom.com\/#website"},"datePublished":"2024-12-09T15:29:02+00:00","dateModified":"2025-03-19T11:37:14+00:00","breadcrumb":{"@id":"https:\/\/caracascom.com\/events\/alors-on-danse-cest-la-fete-animation-de-noel\/#breadcrumb"},"inLanguage":"fr-FR","potentialAction":[{"@type":"ReadAction","target":["https:\/\/caracascom.com\/events\/alors-on-danse-cest-la-fete-animation-de-noel\/"]}]},{"@type":"BreadcrumbList","@id":"https:\/\/caracascom.com\/events\/alors-on-danse-cest-la-fete-animation-de-noel\/#breadcrumb","itemListElement":[{"@type":"ListItem","position":1,"name":"Accueil","item":"https:\/\/caracascom.com\/"},{"@type":"ListItem","position":2,"name":"Events","item":"https:\/\/caracascom.com\/fr\/agenda\/"},{"@type":"ListItem","position":3,"name":"Alors on danse ! C\u2019est la f\u00eate ! | Animation de No\u00ebl"}]},{"@type":"WebSite","@id":"https:\/\/caracascom.com\/#website","url":"https:\/\/caracascom.com\/","name":"CARACAScom","description":"The Art of Communication","publisher":{"@id":"https:\/\/caracascom.com\/#organization"},"potentialAction":[{"@type":"SearchAction","target":{"@type":"EntryPoint","urlTemplate":"https:\/\/caracascom.com\/?s={search_term_string}"},"query-input":{"@type":"PropertyValueSpecification","valueRequired":true,"valueName":"search_term_string"}}],"inLanguage":"fr-FR"},{"@type":"Organization","@id":"https:\/\/caracascom.com\/#organization","name":"CARACAScom","url":"https:\/\/caracascom.com\/","logo":{"@type":"ImageObject","inLanguage":"fr-FR","@id":"https:\/\/caracascom.com\/#\/schema\/logo\/image\/","url":"https:\/\/caracascom.com\/wp-content\/uploads\/2024\/08\/cropped-Favicon_CaracasCom.jpg","contentUrl":"https:\/\/caracascom.com\/wp-content\/uploads\/2024\/08\/cropped-Favicon_CaracasCom.jpg","width":512,"height":512,"caption":"CARACAScom"},"image":{"@id":"https:\/\/caracascom.com\/#\/schema\/logo\/image\/"}}]}},"_links":{"self":[{"href":"https:\/\/caracascom.com\/fr\/wp-json\/wp\/v2\/events\/1599","targetHints":{"allow":["GET"]}}],"collection":[{"href":"https:\/\/caracascom.com\/fr\/wp-json\/wp\/v2\/events"}],"about":[{"href":"https:\/\/caracascom.com\/fr\/wp-json\/wp\/v2\/types\/events"}],"acf:attachment":[{"embeddable":true,"href":"https:\/\/caracascom.com\/fr\/wp-json\/wp\/v2\/media\/1611"}],"acf:post":[{"embeddable":true,"href":"https:\/\/caracascom.com\/fr\/wp-json\/wp\/v2\/localite\/1193"},{"embeddable":true,"href":"https:\/\/caracascom.com\/fr\/wp-json\/wp\/v2\/clients\/311"}],"wp:attachment":[{"href":"https:\/\/caracascom.com\/fr\/wp-json\/wp\/v2\/media?parent=1599"}],"wp:term":[{"taxonomy":"category","embeddable":true,"href":"https:\/\/caracascom.com\/fr\/wp-json\/wp\/v2\/categories?post=1599"}],"curies":[{"name":"wp","href":"https:\/\/api.w.org\/{rel}","templated":true}]}}

Alors on danse ! C’est la fête ! | Animation de Noël

<p>Les dimanches 22 et 29 décembre, le Mudia invite les enfants à un voyage unique mêlant musique, danse et art à travers les œuvres emblématiques de toutes les époques. L&rsquo;animation « Alors on danse ! C’est la fête ! », spécialement conçue pour les enfants de 5 à 12 ans, promet une expérience festive et immersive, suivie d’un délicieux goûter au Mudia Café.<br />
Et si à Noël les œuvres d’art devenaient une invitation à danser, chanter et&#8230; s’a-musée ? Le Mudia propose aux enfants de plonger dans l’univers artistique de la fête et ainsi découvrir :<br />
&#8211; Les liens entre l’art plastique et la musique des différents siècles ;<br />
&#8211; Les différents instruments et types de danse figurants dans les tableaux et sculptures de Mudia ;<br />
&#8211; La fête et les traditions festives dans l’histoire ;<br />
&#8211; Que chaque personne regarde et ressenti l’art autrement ;<br />
&#8211; Les moyens d’exprimer la joie et la créativité.<br />
Cette animation ludique met fin à la visite passive des musées et invite les enfants à interagir avec les œuvres d’une façon créative via le chant et la danse.<br />
L’art s’anime pour un moment inoubliable en famille, mêlant découverte et divertissement. Parce qu’au Mudia, c’est toujours la fête, l’art autrement&#8230; et en s’amusant !<br />
Depuis 2022, le Mudia est géré par la société belge Tempora.<br />
</p>

Communiqué de presse

<title>- CARACAScom</title>
<meta name="robots" content="index, follow, max-snippet:-1, max-image-preview:large, max-video-preview:-1" />
<link rel="canonical" href="https://caracascom.com/events/alors-on-danse-cest-la-fete-animation-de-noel/" />
<meta property="og:locale" content="fr_FR" />
<meta property="og:type" content="article" />
<meta property="og:title" content="- CARACAScom" />
<meta property="og:url" content="https://caracascom.com/events/alors-on-danse-cest-la-fete-animation-de-noel/" />
<meta property="og:site_name" content="CARACAScom" />
<meta property="article:modified_time" content="2025-03-19T11:37:14+00:00" />
<meta property="og:image" content="https://caracascom.com/wp-content/uploads/2024/08/CracasPartage.png" />
	<meta property="og:image:width" content="1200" />
	<meta property="og:image:height" content="630" />
	<meta property="og:image:type" content="image/png" />
<meta name="twitter:card" content="summary_large_image" />
<meta name="twitter:label1" content="Durée de lecture estimée" />
	<meta name="twitter:data1" content="2 minutes" />
<script type="application/ld+json" class="yoast-schema-graph">{"@context":"https:\/\/schema.org","@graph":[{"@type":"WebPage","@id":"https:\/\/caracascom.com\/events\/alors-on-danse-cest-la-fete-animation-de-noel\/","url":"https:\/\/caracascom.com\/events\/alors-on-danse-cest-la-fete-animation-de-noel\/","name":"- CARACAScom","isPartOf":{"@id":"https:\/\/caracascom.com\/#website"},"datePublished":"2024-12-09T15:29:02+00:00","dateModified":"2025-03-19T11:37:14+00:00","breadcrumb":{"@id":"https:\/\/caracascom.com\/events\/alors-on-danse-cest-la-fete-animation-de-noel\/#breadcrumb"},"inLanguage":"fr-FR","potentialAction":[{"@type":"ReadAction","target":["https:\/\/caracascom.com\/events\/alors-on-danse-cest-la-fete-animation-de-noel\/"]}]},{"@type":"BreadcrumbList","@id":"https:\/\/caracascom.com\/events\/alors-on-danse-cest-la-fete-animation-de-noel\/#breadcrumb","itemListElement":[{"@type":"ListItem","position":1,"name":"Accueil","item":"https:\/\/caracascom.com\/"},{"@type":"ListItem","position":2,"name":"Events","item":"https:\/\/caracascom.com\/fr\/agenda\/"},{"@type":"ListItem","position":3,"name":"Alors on danse ! C’est la fête ! | Animation de Noël"}]},{"@type":"WebSite","@id":"https:\/\/caracascom.com\/#website","url":"https:\/\/caracascom.com\/","name":"CARACAScom","description":"The Art of Communication","publisher":{"@id":"https:\/\/caracascom.com\/#organization"},"potentialAction":[{"@type":"SearchAction","target":{"@type":"EntryPoint","urlTemplate":"https:\/\/caracascom.com\/?s={search_term_string}"},"query-input":{"@type":"PropertyValueSpecification","valueRequired":true,"valueName":"search_term_string"}}],"inLanguage":"fr-FR"},{"@type":"Organization","@id":"https:\/\/caracascom.com\/#organization","name":"CARACAScom","url":"https:\/\/caracascom.com\/","logo":{"@type":"ImageObject","inLanguage":"fr-FR","@id":"https:\/\/caracascom.com\/#\/schema\/logo\/image\/","url":"https:\/\/caracascom.com\/wp-content\/uploads\/2024\/08\/cropped-Favicon_CaracasCom.jpg","contentUrl":"https:\/\/caracascom.com\/wp-content\/uploads\/2024\/08\/cropped-Favicon_CaracasCom.jpg","width":512,"height":512,"caption":"CARACAScom"},"image":{"@id":"https:\/\/caracascom.com\/#\/schema\/logo\/image\/"}}]}</script>
